88*s - 154. Let c(q) = q + 1. Let g(x) = -3*c(x) - j(x). Is g(-28) prime?
False
Let k = -122 + 114. Let f be 36/k*(-2)/(-12)*44. Is (-534 + 0 + -3)*f/9 a composite number?
True
Is (11/616*3611209)/(((-3)/(-8))/3) a composite number?
False
Let x = -208 - -749. Let i = 1508 - x. Is i a composite number?
False
Let s = -52402 + 77018. Suppose 65056 = 24*i + s. Is i composite?
True
Let g = -18033 + 56378. Is g a prime number?
False
Let a = -8645 - -5269. Let b = a - 2216. Let d = b - -8677. Is d prime?
False
Suppose -2*i + 1211014 = -12*c, 2*i - 2*c = -648259 + 1859323. Is i a composite number?
True
Is -27 + 31 + (33652 - -3) composite?
True
Let w = -128940 - -280537. Is w a prime number?
True
Let v be (-1)/(21/(-6)) - (-61)/7. Suppose -v*q + 6001 = 1024. Is q composite?
True
Suppose 174*a - 179*a = -21355. Suppose -121*b + 120*b + a = 0. Is b a prime number?
True
Let h be 64/12*153/(-12). Is 3 + h/20 + 5937/5 a prime number?
True
Suppose 19*i - 80 = -23. Is -2 - -1 - -2066 - i a composite number?
True
Let n = -7710 - -14993. Is n a prime number?
True
Let p(m) = -7*m**2 + 36*m - 3. Let k be p(5). Suppose -k*o - 7 = -11, -3*g + 55909 = -o. Is g a composite number?
False
Let l = 35 + -30. Suppose l*b - d = 2*d + 810, 0 = 4*d - 20. Let o = 234 - b. Is o a composite number?
True
Suppose 8*a - 1030488 = 364144. Is a a prime number?
True
Let b = 365062 - 141065. Is b prime?
False
Let f be (-84)/(-36) + 3/(-9). Suppose -2*a - 3*z + 2371 = -0*a, -4*z = -f*a + 2406. Is a a prime number?
True
Let a(l) = 8584*l - 341. Is a(15) prime?
False
Let n(v) = 28*v**2 + 23*v - 7. Let p be n(-24). Suppose -4*c - 1365 = -p. Is c a composite number?
True
Suppose -3*y + 202555 = -395*u + 397*u, 2*y - 506349 = -5*u. Is u a prime number?
True
Let c = 298 - 185. Let o = c + -44. Is o a prime number?
False
Let m(k) be the second derivative of k**4/12 + k**3/6 - 17*k**2/2 - 11*k. Let j be m(-5). Suppose 0 = j*l + 59 - 392. Is l prime?
False
Let f = -220 + 227. Suppose 9660 + 51793 = f*n. Is n prime?
True
Let d(x) = -45*x**3 + 23*x**2 + 201. Is d(-19) prime?
True
Let n(f) = -f**3 - f**2 - f - 4. Let s be n(0). Let b be 1237/1 + 3/4*s. Let t = b - 741. Is t composite?
True
Is (-177987105)/(-540) + 3/(-4) composite?
True
Let v be 3/(-3) - 2/2. Is 68 + -62 + (-5054)/v a prime number?
False
Let z = 85 + 9. Let q = z - 122. Is (-24560)/q - 3/21 a composite number?
False
Suppose 179357 + 152414 = 11*c. Is c a composite number?
False
Let u(t) = 7204*t + 421. Is u(10) composite?
False
Is (11/(-33))/(7/(-18135789)) a prime number?
True
Let z be (-6)/24 + (-229)/(-4). Let d = -57 + z. Suppose d*t - 1658 = -2*t. Is t prime?
True
Suppose 0*m + 3*n = m - 1225, -4*n + 1253 = m. Suppose -u = -4*g + 10963, -4*g - 4*u + m = -9751. Suppose y - 5*c + 3*c - 905 = 0, 3*y + 3*c = g. Is y prime?
True
Let j = 57963 - 14618. Is j a prime number?
False
Suppose -5*b = -4*f - 3986803, 7*f - 2541744 - 1445037 = -5*b. Is b prime?
True
Suppose -10*g - 5*v + 13 = -14*g, -4*g + 4*v = 16. Let m(x) = 9*x**2 - 7*x + 0 - 5 - x**2 - 3*x**3. Is m(g) a prime number?
False
Is (122 - 123)/((-2)/77986) a composite number?
False
Suppose 10*x = x. Is (-34)/51 + (x - (-123562)/6) a prime number?
True
Let b(p) = 101*p**2 + 9*p - 44. Let z be b(6). Suppose t - 714 - z = -5*u, 0 = -2*t + 2*u + 8780. Is t a composite number?
True
Is (-10)/(-8)*2*(3868104/60 + 20) a prime number?
True
Let h be (-1 + 0)/(1/(-69)). Let n = h - 64. Suppose 68 = n*s - 537. Is s a prime number?
False
Let t(k) = k**3 + 63*k**2 - 24*k - 35. Is t(-62) prime?
True
Let w = 676 - 672. Suppose -3*n - 12 = 0, -w*i - n = -0*i - 33408. Is i a prime number?
True
Let t = 14280 - 7039. Suppose t = 4*i + 3*p, 2*i + 9058 = 7*i - 3*p. Is i prime?
True
Suppose 348 + 540 = -3*z. Let v = 627 + z. Is v composite?
False
Suppose 5*c + 2*h - 13939 = 0, -3*h + 6*h + 9 = 0. Let r = c - -7218. Is r prime?
True
Suppose -5*k + 12033 = -n, 0 = k - 3*n - 874 - 1527. Is k prime?
False
Let x(t) = 52592*t + 9207. Is x(14) prime?
False
Let y = 35 - 30. Let b = -569 - -1211. Suppose 4*j - 328 = -2*s + b, 0 = 3*s + y*j - 1455. Is s a composite number?
True
Let z = -23369 + 39266. Suppose 2*c + z = 5*c. Is c prime?
False
Let r = 206 - 211. Let u(s) = 274*s**2 + s - 12. Is u(r) a prime number?
True
Let h(j) = -511*j**3 - 13*j**2 - 17*j + 6. Is h(-5) composite?
True
Suppose -37*f + 33*f - 4*p + 72236 = 0, f + 2*p = 18053. Is f prime?
False
Suppose -44*w = -62*w + 3233214. Is w composite?
False
Suppose 0 = c + 2*o - 1, -2*o + 4 = -2*c + 18. Suppose 2*n - 2275 = 3*l, 0 = c*n - 2*l - 1304 - 4389. Is n composite?
True
Suppose -5*c + 2*p = -6, -5*p - 2 = -12. Suppose -c*g + 705 = 3*g. Suppose -4*d = 5*s + g - 1822, 0 = d + s - 420. Is d a prime number?
True
Let f(m) = 225*m**2 - 30*m - 11. Let p(z) = -2*z - 2. Let r(x) = f(x) - 6*p(x). Is r(-6) a prime number?
True
Let p = -60 - -62. Suppose n + 2*n + 5*g + 1705 = 0, -568 = n + p*g. Let k = n - -967. Is k prime?
True
Let s(t) = 50*t**3 + 4*t + 3. Let w be s(4). Suppose -d - 15*b = -17*b - w, 9663 = 3*d - 3*b. Is d prime?
False
Let v(o) = 3*o - 19. Let f be v(11). Suppose 11*u = f*u - 225. Let p = u + -36. Is p prime?
False
Let w(o) = 2051*o + 15. Let n be w(-2). Let h = 7544 + n. Is h a prime number?
True
Let u = -52159 + 181488. Is u a prime number?
False
Suppose 3*c + 44 = 14. Is (-126210)/(-150) + (-2)/c*-2 composite?
True
Let x = 1567 + 2608. Let f = -1118 + x. Is f a composite number?
True
Let w(y) = 19*y - 22*y**2 + 12*y**2 + 82*y**2 + 15. Let q(p) = 36*p**2 + 9*p + 7. Let x(i) = 13*q(i) - 6*w(i). Is x(-2) a prime number?
True
Let t(a) = a**2 - 8*a + 13. Let d be t(7). Suppose -d*q + 5209 = 3*w - 2*q, 4*w + q = 6941. Is w a prime number?
False
Suppose 6*n = n + 20. Suppose -4*s + 3304 = n*d, -4*d - 4 = 8. Let x = s - 327. Is x a composite number?
True
Suppose 199522 = 2*m - 3*o, -4*o - 302516 - 196289 = -5*m. Is m a prime number?
True
Suppose -1303453 = -57*v + 30*v + 6615566. Is v composite?
True
Let t = -107562 - -156425. Is t a prime number?
False
Let h(m) be the first derivative of 4*m**3/3 + 7*m**2/2 + 10*m + 3407. Let d = 28 - 40. Is h(d) composite?
True
Let g be 1616 + -2 - -5 - (-5 + -1). Let y = 15262 - g. Is y prime?
False
Let z(c) = c + 15. Suppose 0 = -w - 3*l + 12 - 1, -2*w - 4*l = -22. Let k be z(w). Is 111*(k/6 - 4) a prime number?
True
Suppose -2*s - 23919 = -v, 47841 = -4*s + 4*v - 3*v. Let x = -4724 - s. Is x a prime number?
True
Let p(y) = y**3 + 2*y**2 + 2*y + 2676. Let r be p(0). Is (16/24)/(8/r) composite?
False
Let z be (12/(-45))/(2/(-513))*-35. Let l = -1600 - z. Suppose 2*v = 608 + l. Is v a prime number?
True
Suppose -7*n - 45 = 2*n. Let j(y) = -730*y + 37. Is j(n) a composite number?
True
Let w(r) = -1. Let x(s) = 188*s - 72. Let b(l) = -4*w(l) - x(l). Let h(k) = -125*k + 51. Let o(p) = 5*b(p) - 7*h(p). Is o(-10) composite?
False
Let u(v) = v**2 + 8*v - 8. Let l be u(-9). Is 4/(-24)*l - 29498/(-12) a composite number?
True
Let d = 6773 - 3358. Let y = d - 2202. Is y a prime number?
True
Let u = 61 + -51. Suppose 2*v - d = 896 + 1008, -u = -5*d. Suppose 5*a - 222 = v. Is a composite?
True
Let i be (-2 + 3 - 2)/((-4)/20). Let q(c) = -2*c**2 + 4*c + 12. Let d be q(i). Let f(o) = -5*o + 7. Is f(d) prime?
True
Let n(p) = -3*p - 7. Let b be n(-4). Suppose 10 = b*u, -l + 5*u = 3*l - 2. Suppose 5*t - 326 - 312 = -l*s, 2*t - s = 253. Is t a composite number?
False
Suppose x + 1 = 22. Let w = 26 - x. Suppose -2*z - 537 = -w*c, -c + 6*c + 4*z = 561. Is c prime?
True
Let g(q) = q**2 + 13*q + 15. Let x be g(-12). Let s be (x - 0)*-1*1. Is (-3 - 1143)/(s/2) - 1 prime?
False
Is (-2)/(-20) + -18 + 3825549/210 a prime number?
True
Let s(z) = 3*z**2 - 35*z + 4. Let r be s(12). Let c(g) = 48*g**2 - 33*g + 69. Is c(r) composite?
True
Let c be 1/(-1)*69*-123. Let i = c + 24158. Is i prime?
False
Suppose 3*a + 19 = -5*s, -2*s - 4 = -2*a + 3*s. Is (11311/a)/(1/(-5 - -2)) a composite number?
False
Let r(t) = -2*t**3 - 25*t**2 - 18*t + 1. Is r(-28) a prime number?
True
Suppose 8*y = -27193 - 25735. Let k = 30017 + y. Is k a prime number?
False
Let o(g) = g**3 - 4. Let q be o(2). Suppose 4*a - 3 = -3*h, -q*a = 5*h - 3*h + 2. Suppose u + 681 = z - 0*u, 3*u = h*z - 3413. Is z prime?
False
Is (2 - (3 - 4))*(-3007563)/(-117) prime?
Fa